e
Let v(c) = 4*c**2 + 5*c - 17. Does 16 divide v(-7)?
True
Let s = 329 + -115. Is s a multiple of 20?
False
Suppose m - 139 = 91. Suppose -13*x + 8*x + m = 0. Is x a multiple of 8?
False
Let n = 10 - 2. Let y = n - 4. Let d(b) = b**2 - 2*b + 4. Is 5 a factor of d(y)?
False
Let q(d) be the second derivative of d**5/20 + d**4/3 - 2*d**3/3 - 3*d**2 + 4*d. Let u be q(-4). Let y(o) = -o + 24. Is y(u) a multiple of 14?
True
Let c(g) = g**2 - 24*g + 56. Is c(24) a multiple of 14?
True
Suppose -2652 = -21*j + 1233. Does 37 divide j?
True
Let k = -391 - -783. Let f be k/(-20) - 2/5. Let m = f - -39. Is 19 a factor of m?
True
Suppose 2*r = 3*x - 0*r - 21, -r - 8 = -x. Suppose 3*s = 2*q - q - 23, -5*q + 75 = -x*s. Does 6 divide q?
False
Does 11 divide 178 + ((-5)/(-3))/5*-6?
True
Suppose -2*n + 2 = -3*n. Let x(g) = g**2 + 10*g - 1. Let i be x(-11). Let f = n + i. Is f a multiple of 4?
True
Let j be ((-3)/(-6)*6)/1. Suppose 0 = -j*p - 5 + 14. Is p even?
False
Suppose -5*n = -2*n - 3. Let m = -4 + 19. Let f = m - n. Is 14 a factor of f?
True
Let k be (364/(-8))/((-2)/(-4)). Let n = k - -165. Suppose -5*m + n = 14. Does 11 divide m?
False
Let i = 51 - 18. Does 11 divide i?
True
Let s(x) = -5*x**2 + 3*x - 1. Let u be s(3). Let k = 66 + u. Does 17 divide k?
False
Let w(o) = -13*o - 3. Let f(i) = i**2 + 6*i - 3. Let z be f(-6). Is w(z) a multiple of 8?
False
Suppose -4*d - q = -73 + 9, 3*d - 2*q = 37. Is 14 a factor of d?
False
Does 22 divide (-1)/(4/3872*-4)?
True
Let m(z) = -z**2 + 7*z + 2. Let y = -9 - -16. Let q be m(y). Suppose c - 4*d = -q*c + 43, 5*c - 91 = -3*d. Is 17 a factor of c?
True
Let s(g) be the second derivative of -g**3/2 + g**2/2 - 3*g. Is s(-4) a multiple of 6?
False
Let v(b) = b**3 + 3*b**2 - 4*b - 4. Let i be v(-4). Let j = i + 7. Let f = j - -2. Is f a multiple of 2?
False
Does 8 divide (-4)/(-18) + (-869)/(-99)?
False
Suppose 0 = -2*p + 3*p + 4*i + 20, 3*p - 15 = 3*i. Suppose p = -5*t + 26 + 14. Suppose 0 = j - 3*k - t, 5*j = -3*k - 36 + 94. Is j a multiple of 11?
True
Is 32 a factor of ((-7)/14)/((-1)/298)?
False
Suppose -230 = -10*c + 5*c. Suppose 2*k - 15 = 3*d, d = -5*k - 0*d + c. Is 9 a factor of k?
True
Suppose -3*l + 60 + 12 = 0. Suppose -a + n = -l, 3*a - 5*a + 50 = -3*n. Does 11 divide a?
True
Suppose -4*o = -6*o + 180. Is 30 a factor of o?
True
Suppose -5 + 19 = 2*d. Let s = -4 + d. Suppose v + 44 = s*v. Is 11 a factor of v?
True
Suppose 185 = 6*p - p. Is 20 a factor of p?
False
Let n be 4 - 4 - 4/(-2). Let q(b) = -b**3 + 4*b**2 - 2*b - 1. Let m be q(n). Suppose m*r - 6 - 9 = 0. Is 3 a factor of r?
False
Let k = -11 + 7. Let l be (-6)/k*4/(-6). Does 15 divide l*3/(6/(-40))?
False
Let d(v) = 2*v**2 - 2*v**3 - 1 - v**2 + 9*v**3. Is d(1) a multiple of 2?
False
Does 53 divide (-2 + (-1242)/15)/((-6)/15)?
True
Let u = 25 - -6. Is u a multiple of 6?
False
Let s = 475 + -331. Is 24 a factor of s?
True
Let o(g) = 7*g**3 - 2*g + 1. Suppose -z + 1 = -0. Let r be o(z). Suppose 2*d = 3*h - 29, -5*h - 4*d + 43 = -r*d. Does 2 divide h?
False
Suppose 5*a = 1394 + 51. Does 17 divide a?
True
Suppose 3*x + 2*x - 22 = -t, -3*t = 4*x - 22. Suppose -x*q + 0*q + 20 = 0. Suppose -4 = -3*u + q, -2*l + 3*u = -21. Does 8 divide l?
False
Let g(i) = 157*i**3 + 3*i**2 - 2*i + 1. Is 35 a factor of g(1)?
False
Let t(u) be the first derivative of u**4/4 + 3*u**3 - u**2 - 5*u - 3. Is t(-9) a multiple of 13?
True
Suppose 3*h = 2*r - h - 234, 2*r - 254 = -h. Does 30 divide r?
False
Let v be 0/(-1*1/1). Let n = v - 1. Let q(f) = 9*f**2. Is 8 a factor of q(n)?
False
Is 10 a factor of 3/2 - (-10890)/36?
False
Suppose 2*w - 14 = 18. Suppose -n = -13 - w. Does 29 divide n?
True
Suppose 3*j - 3 = 21. Is j a multiple of 4?
True
Suppose -3 = -k + 4*u, -15 = -5*k - 4*u + 8*u. Suppose 0 = k*q - 3. Is (96/(-20))/(q/(-5)) a multiple of 9?
False
Let r = 95 + 40. Does 32 divide r?
False
Let i = 5 - 7. Is 15 a factor of (i - 1) + (-33)/(-1)?
True
Let b(p) = -p**2 - 18*p + 2. Is 19 a factor of b(-17)?
True
Let n(k) be the second derivative of k**3/6 - 5*k**2/2 - 2*k. Let x be n(0). Is 9 a factor of (-303)/(-15) + 1/x?
False
Suppose 5*z - 3*z + 14 = 0. Is (-128)/z + (-2)/7 a multiple of 12?
False
Let w(k) = -33*k + 13. Let o(h) = -8*h + 3. Let b(x) = 9*o(x) - 2*w(x). Let n be (-5)/4 - 1/(-4). Is b(n) a multiple of 7?
True
Suppose 4*q = 2*t - 6*t + 1052, 2*q - 5*t = 505. Does 42 divide q?
False
Let m(r) = -11*r + 74. Does 72 divide m(-26)?
True
Let a = 25 + -54. Let u = 40 + a. Is 5 a factor of u?
False
Let h(q) be the third derivative of q**5/40 - 11*q**4/24 - q**3/6 + 2*q**2. Let w(y) be the first derivative of h(y). Is 12 a factor of w(8)?
False
Suppose 2*m + 1258 = 5*p, p - 2*m = 3*p - 506. Is 14 a factor of p?
True
Suppose -4*y - 20 = -4*r, -5*r = 3*y - 8 - 1. Suppose 0 = -2*x - r*x + 160. Is x a multiple of 22?
False
Let c = -4 + 6. Suppose 4*d + 2 + c = 0. Is 7 a factor of (d/3)/((-1)/21)?
True
Suppose -6*s + 11*s = 225. Is s a multiple of 7?
False
Suppose 0 = 3*w + 3*s, 6*w = 2*w + 2*s + 12. Suppose 0 = -w*h - d + 52, 11 + 15 = h - 4*d. Let t = h + -10. Is t a multiple of 13?
False
Let y(j) = -4 - 1 + 2*j + 2. Does 4 divide y(6)?
False
Suppose -j - 20 = -2*o, -6*o + 28 = -3*o - j. Let n be 11 + 17 - (-1 - -2). Let u = n - o. Does 6 divide u?
False
Let w = 371 + -261. Does 22 divide w?
True
Let f(a) = 15*a**2 + 4*a - 4. Is 16 a factor of f(2)?
True
Let f(k) = k + 7. Let s be f(-7). Suppose s*w + 6 = -x + 5*w, 4*w = -x + 3. Does 4 divide 2 + x + 1 + 2?
True
Let h(o) be the first derivative of -5*o**4/4 + 2*o**3/3 + o**2 - o - 1. Let n be h(-2). Suppose 5*z = 3*d + 150, -3*d - 160 = -4*z - n. Does 10 divide z?
False
Let k(d) = d**3 + 5*d**2 - 3*d. Let a be 4/(-6) - (-52)/(-12). Is k(a) a multiple of 15?
True
Suppose -i - 3 = -5. Let m(a) = -3*a**3 + 10*a**2 - a - 10*a**i. Is 13 a factor of m(-2)?
True
Let r = 7 - 9. Let y be (-8 - r - -3) + 15. Suppose -5*t - 2*z + y = 0, 5*t - 3*z = 15 + 17. Is t a multiple of 3?
False
Suppose 0 = 3*s + 20 + 7. Is (-2)/s + 1926/81 a multiple of 24?
True
Suppose -285 = -w + 3*x, -4*w - 5*x - 340 = -1480. Does 16 divide w?
False
Let g be ((-1 - -4) + -5)*-669. Does 15 divide g/36 + (-1)/6?
False
Let k be -3 + 0 + 2 + 25. Suppose 0 = i + 3, -i + k = 3*f + 2*i. Is 4 a factor of f?
False
Suppose 0*p = -4*p + 48. Does 22 divide 8/p + (-320)/(-15)?
True
Let c be (-199)/(-3) - (-7)/(-21). Suppose 5*j - 128 = -v, -3*j = 2*j - 5*v - 110. Let u = c - j. Is u a multiple of 11?
False
Let r(n) = 7*n**2 - 5*n - 8. Let o(p) = -4*p - 2 + 3 + 6*p**2 - 8. Let g(y) = 6*o(y) - 5*r(y). Is g(5) a multiple of 14?
True
Is 27 a factor of ((-32)/(-5))/(64/800)?
False
Let r(i) = -i**2 - 10*i - 6. Let b be r(-7). Let j be 118/(-10) + (-3)/b. Does 16 divide (-339)/j - 3/12?
False
Suppose -5*s + 3*s = -218. Does 22 divide s?
False
Let j be (-33)/44 + 11/4. Suppose r = 2*c + 8, -j*r + c = -24 - 7. Is 3 a factor of r?
True
Let g be 4*1/2 - -1. Suppose 0 = -3*t - 2*j + 64, -t + 20 + 20 = -4*j. Suppose -g*p + 8 = -z, -2*z = p + 3*z - t. Does 4 divide p?
True
Let b = 9 + 131. Is b a multiple of 17?
False
Let b(i) = 18*i - 18. Is 21 a factor of b(8)?
True
Suppose -2*z + 3*z = 0. Let h(f) = -f**2 + 5*f. Let g be h(5). Suppose 2*s + z - 12 = g. Does 6 divide s?
True
Suppose -2 = -i, z + 9 = -0*z + 5*i. Is 3 a factor of (z/(-2))/((-5)/80)?
False
Let r be -23 + 1*-1*1. Suppose 4*a = -161 - 15. Let f = r - a. Is 10 a factor of f?
True
Suppose 5*p = 2*r + 590, 4*p + p - r - 590 = 0. Is p a multiple of 15?
False
Let g = 115 - 53. Let v = g - 19. Is 24 a factor of v?
False
Let p be 64/3 - 2/6. Let s = p + -5. Let g = s - -3. Does 7 divide g?
False
Let l = 5 - 3. Let y be (-41)/(2/(l + 0)). Let c = y - -70. Does 19 divide c?
False
Is (-1197)/(-84) - ((-2)/(-8) + 0) a multiple of 14?
True
Let m(n) = 6*n**2 - 2*n**2 - 2*n**2 + 2*n**2 - 1. Is 14 a factor of m(-3)?
False
Let b = 4 + -2. Suppose 24 = r + b*r. Is 5 a factor of r?
False
Suppose -5*k + 6 = -14. Let m = 15 - 10. Suppose -n = -4*u - 27, -2*n - 73 = -m*n + k*u. Is 12 a factor of n?
False
Let d be (-32)/(-6) - (-4)/(-12). Is 18 a factor of 172/d + 3/5?
False
Let w be 2/((-1)/2*-4). Suppose 3*x - 4 = -w. Is 11 a factor of x - 14/4*-6?
True
Suppose -316 = -0*t - 4*t. Is t a multiple of 31?
False
Let i(w) be the second derivati